 5. Suppose 2*p - 30 = 110. What is the greatest common factor of t and p?
14
Let v(c) = c**3 - 4*c**2 - 4*c - 3. Suppose -i + 9 - 3 = 0. Let n be v(i). Calculate the greatest common divisor of 9 and n.
9
Let f = -4 + 9. Suppose 10 = 5*d, -f*d = -4*o - 2 - 8. Suppose 4*k - 173 - 87 = o. Calculate the highest common factor of 26 and k.
13
Suppose p - 3*p + 80 = 0. Suppose -3*d - 7 + p = 0. Suppose 228 = 4*z + 8. What is the greatest common factor of d and z?
11
Let w(o) = -o**3 + 10*o**2 + 4*o - 13. Let c be w(10). Let u = -16 + c. Let s = u + -5. What is the highest common factor of s and 6?
6
Let n be ((0 - -2) + -11)*-19. Suppose -a = 3*a - 76. Calculate the highest common divisor of a and n.
19
Let l = 9 - 6. What is the highest common factor of 15 and l?
3
Suppose 5*o - 3*w + 1 = o, -o - 6 = 5*w. Let g be -8 - (0 + (1 - o)). Let n be (16/(-10))/(4/g). What is the greatest common factor of 28 and n?
4
Suppose 17 = -5*s + 817. Let z(n) = -n**3 + 9*n**2 + 2*n + 2. Let k be z(9). Calculate the highest common divisor of s and k.
20
Let l be 24/9*(2 + 1). Let y = -8 - 4. Let h = 8 - y. What is the greatest common factor of l and h?
4
Suppose -19*y - 2 = -21*y. Calculate the greatest common divisor of 7 and y.
1
Let b(j) = j**2 + 7*j - 4. Let y = 12 - 21. Let v be b(y). Calculate the highest common factor of 7 and v.
7
Let d(n) = 8*n**2 - 3*n - 14. Let u be d(-4). Calculate the highest common factor of 42 and u.
42
Let i(y) = y + 1. Let a be i(8). Let z(b) = 22*b - 11. Let w be z(a). Calculate the highest common divisor of 17 and w.
17
Let x be ((-1)/(-2))/(3/72). Suppose -2*t + 10 = 3*z, 0 = -2*z + t + 3*t + x. Let d be 5/(14/(-8) - -2). Calculate the highest common factor of z and d.
4
Suppose 72 = 4*q + 24. Suppose r = 4*m - q, -10 = -2*m - 2. Suppose r*x = x + 36. What is the highest common divisor of x and 12?
12
Let c = 68 + -20. Let g = 107 - 95. What is the highest common divisor of c and g?
12
Let c(j) = -j**2 + 2*j + 7. Let z be 4 + -4 + 3/1. Let g be c(z). Calculate the highest common factor of 24 and g.
4
Suppose -2*k - 5*l + 98 = 0, 5*l = -0*l + 20. Calculate the highest common divisor of k and 13.
13
Let v = -265 + 317. Suppose p + 7 = 4*z, -3*p = -2*p - 3*z + 2. Calculate the highest common factor of p and v.
13
Let j = -3 + -1. Let a(r) = -6*r - 6. Let b be a(j). Calculate the highest common divisor of b and 198.
18
Let o = -20 - 33. Let v be (-1)/4 - o/4. Calculate the greatest common divisor of v and 13.
13
Suppose 3*o + 2 = 17. Let j(b) = -106*b - 2. Let i be j(-1). Suppose -152 = -o*c + 5*f + 18, -3*c + f + i = 0. What is the highest common divisor of 5 and c?
5
Suppose -q - 3*f + 4 = -0*f, f - 2 = 0. Let k be 372/21 - q/7. Calculate the greatest common factor of k and 27.
9
Let t be 7 - -159 - (2 - 1). Let f = -99 + t. Suppose -4*a = -a - f. Calculate the greatest common divisor of 2 and a.
2
Let b(i) = -i**2 + 14*i + 12. Let d be b(11). Let h be 1 - 2 - (-1 - 9). Calculate the highest common divisor of d and h.
9
Let c(l) = -27*l. Suppose z + 6 = -3*i - i, -3*z - i = 7. Let k be c(z). What is the greatest common factor of k and 6?
6
Let k(f) = -f**3 - 9*f**2 + 12. Let x be k(-9). What is the greatest common factor of 36 and x?
12
Let v = 47 + -34. What is the greatest common divisor of 39 and v?
13
Let y = 176 + -170. What is the highest common divisor of y and 2?
2
Let s = 2 + -14. Let a be s*2*(0 - 1). Suppose -m - 2*m = -a. Calculate the greatest common divisor of m and 20.
4
Let k = -4 + 6. Let g be 2 + 4/(-1 + 2). Calculate the greatest common divisor of g and k.
2
Let d = 87 - 42. Suppose 4*v - 24 = -w + v, 26 = 4*w - 2*v. What is the greatest common divisor of d and w?
9
Let l = 10 + -8. Let z(f) = 6*f - 6. Let g be z(4). Suppose 36 = l*r - g. What is the highest common factor of 9 and r?
9
Let l be (664/20)/((-1)/5). Let z = -111 - l. Suppose -46 - 9 = -5*w. Calculate the highest common divisor of z and w.
11
Let a be (-1)/(105/(-54) + 2). Let g = a - -31. Suppose 5*d - 280 = -4*z, 10 = -3*z - 2*d + 213. Calculate the greatest common factor of z and g.
13
Let q(f) = -3*f + 4. Let p be q(-10). Calculate the greatest common factor of 17 and p.
17
Let u be 2 + (-3 + 6 - 5). Suppose 3*v + 233 = 5*w - 809, u = w + 4*v - 213. What is the highest common factor of w and 19?
19
Suppose 0*w = -4*w + 252. Let j be (-54)/(-6) - 0*(-1)/(-2). What is the highest common divisor of w and j?
9
Let c(k) = -k - 1. Let q be c(-4). Suppose 2*w - 28 = 4*w. Let o be (-161)/w + 1/2. What is the greatest common factor of q and o?
3
Let o(s) = -s + 1. Let f be o(4). Let n be (f/(-1))/((-3)/(-3)). Let w(r) = r + 3. Let i be w(n). What is the greatest common factor of i and 15?
3
Let b(u) = u**3 + 8*u**2 + u + 2. Let t be b(-8). Let o be 2/(-2)*(t - -2). Calculate the highest common divisor of 1 and o.
1
Suppose 4*t - 3*s - 60 = 0, -2*s + 58 = 3*t - s. Let k be (-33)/(-21) - t/(-42). What is the highest common factor of k and 12?
2
Let n be (-4 - -1)/(-1) + 17. What is the greatest common factor of n and 30?
10
Let g(a) = -a**3 + 9*a**2 + 10*a + 4. Let s be g(10). Let c be 2/s - 18/(-12). What is the greatest common factor of 10 and c?
2
Suppose 57 = 4*d + 1. Let w(z) = z**2 + 6*z + 8. Let h be w(-9). Calculate the highest common divisor of d and h.
7
Suppose 3*v - 13 = 4*g, 2*g = -v + 4*v - 11. Calculate the highest common divisor of v and 6.
3
Suppose -3 + 13 = 5*f. Calculate the greatest common factor of 16 and f.
2
Let v(n) = -6*n + 20. Let r be v(0). Calculate the highest common factor of r and 15.
5
Suppose 99 = 5*m - 41. Calculate the greatest common factor of m and 7.
7
Let i be (3/3)/((-1)/(-93)). Let y = 135 - i. Calculate the greatest common factor of y and 14.
14
Let r(c) = c**3 - 31*c**2 + 59*c - 23. Let t be r(29). Suppose -3*i + 8 = i. Suppose 0 = -5*k + i*k + 27. Calculate the greatest common factor of t and k.
3
Let i(o) = -o**3 + 10*o**2 - 3*o + 12. Let n be i(9). What is the greatest common divisor of n and 66?
66
Let h be ((-24)/(-10))/(4/20). What is the highest common factor of 6 and h?
6
Let j be 195/13 + (-1)/1. What is the highest common divisor of j and 42?
14
Let s be 4/(-6) + 402/9. Suppose -p - s = -4*u - 3*p, -5*u + 52 = 4*p. Calculate the highest common divisor of u and 108.
12
Let c be ((-27)/6)/(3/4). Let h(i) = i**3 + 8*i**2 - 5*i + 2. Let w be h(c). What is the greatest common divisor of 13 and w?
13
Let m be 32/12*(10 - -2). Calculate the highest common factor of 224 and m.
32
Let h(s) = s**2 + 12*s + 24. Let m be h(-15). What is the greatest common divisor of m and 23?
23
Let a = 9 + -5. Suppose -99 = -a*i + 201. Calculate the greatest common factor of i and 30.
15
Suppose 3*h = -2*h + 80. What is the highest common divisor of 48 and h?
16
Suppose -o = 3*x + o - 17, 4*x - 3*o = 0. Let u(a) = 2*a**2 - a + 1. Let k be u(x). Calculate the greatest common divisor of 40 and k.
8
Let f(r) = -2*r + 61. Let g be f(13). Calculate the greatest common factor of 70 and g.
35
Let k(y) = y**3 - 3*y**2 + 4*y - 3. Let z be k(3). What is the highest common factor of 9 and z?
9
Let i be (80 - -1)*4/3. What is the greatest common factor of 12 and i?
12
Let n = -77 - -93. Calculate the greatest common factor of 112 and n.
16
Suppose 0*v + 8 = 2*v - 3*t, 2*v + 2*t + 12 = 0. Let m be (3*2)/(v/(-12)). Let s = -32 - -41. What is the greatest common factor of m and s?
9
Let g = -16 - 5. Suppose 106 = -5*s + 4*h - 109, 73 = -2*s - h. Let c = g - s. Calculate the highest common divisor of 2 and c.
2
Let u = -7 - -6. Let r = -1 + u. Let c be r/3*105/(-14). What is the highest common factor of 1 and c?
1
Let s = 8 + -5. Let w = -10 + 12. Suppose -4*a - 5*u = -2*u - 71, -w*u = -s*a + 66. Calculate the greatest common factor of 20 and a.
20
Let s(r) = 3*r - 4. Let a be s(5). Suppose 20*k - 514 = 586. What is the greatest common divisor of k and a?
11
Suppose -3*o + 0*d + d = -76, 3*d = o - 36. Suppose -u - 3*u = 5*g - 73, -5*g + 25 = 0. What is the greatest common divisor of o and u?
12
Let m(k) = -k + 1. Let h be m(-7). Let c be (-16 + 4)*(-50)/h. Calculate the highest common factor of c and 15.
15
Let k be -60*(44/8)/(-11). What is the greatest common divisor of k and 45?
15
Let v be 2 + -3 + 2 + 153. Calculate the greatest common 